*j - 10 = 3*c. Determine t(j).
2
Let x(f) = 4*f - 25. Let y(s) = 2*s - 13. Let i(t) = -4*x(t) + 7*y(t). Suppose 9*a + 0*a - 63 = 0. Give i(a).
-5
Let c(r) = -r - 13. Let a be c(-12). Let f(y) = y - y**3 + 0*y**2 + 2*y**2 - 6*y**3 + y**3. What is f(a)?
7
Let j(l) = l**2 - 5. Let w(s) = -2*s**2 + 11. Let b(a) = 13*j(a) + 6*w(a). Determine b(2).
5
Let j(y) = -y**3 + 2*y - 1. Let r(s) = s + 6*s**2 + s**3 - 2*s**2 - 3*s**2. Let f be r(0). Let v = 1 + f. What is j(v)?
0
Let c(d) = 7*d**2 - d + 2*d - 4*d - 12. Let r(t) be the first derivative of -8*t**3/3 + 3*t**2/2 + 13*t - 3. Let p(z) = 7*c(z) + 6*r(z). Determine p(5).
4
Let m(z) = -z**3 - 129*z + 63*z - 2 + 65*z + z**2. Give m(0).
-2
Let j(n) = 2*n + 5*n - 2*n - n + 1. Give j(-1).
-3
Let h(a) = -a**2 - a - 1. Let k be (-1)/(4/12*1). Give h(k).
-7
Let r(h) = -h**2 + 5*h + 6. Let f be r(6). Suppose f = 2*j - 10 + 4. Let i(n) = n**3 + 5*n + 3*n**2 + 4 + j*n**2 - n**2. Give i(-4).
0
Let x(v) = 12*v**2. Let p(j) = j**2 - 6*j - 26. Let m be p(9). Give x(m).
12
Let b = -2 + 5. Suppose 2*z + 5 = 5*k - 11, 0 = -b*z + k + 2. Let g(s) = s**3 - 4*s**2 + 2*s - 2. Determine g(z).
-6
Suppose -2*r - 3*r + 5 = -2*t, -24 = -3*r - 3*t. Suppose -4 = r*s - s. Let a be (-1)/3 - s/(-3). Let y(m) = -7*m**2 - m - 1. What is y(a)?
-7
Let l(g) be the second derivative of g**3/6 + 5*g**2 - 7*g. Let o(v) = -v - 23. Let z be o(-16). Calculate l(z).
3
Let f(s) = -7*s - s**3 + 5*s**3 + 6*s**2 - 5*s**3. Let o(v) = 2*v - 1. Let q be o(3). What is f(q)?
-10
Let f be 1 + -3 + (-8)/(-2). Let c be -5 + 2 + 1 + f. Let t(x) = x - 6. Determine t(c).
-6
Let s(h) = h**3 + h**2 - 3*h + 2. Let n be s(2). Let c(y) = y**3 - 9*y**2 + 6*y + 8. What is c(n)?
-8
Suppose -3*o - 5*w = 34, -w + 4 = o - 4*o. Let t(p) = -6*p**2 + 3*p**2 + 2*p**2 - 3 + 0*p - 3*p. Determine t(o).
-3
Let c(p) be the second derivative of p**3/3 - 3*p**2/2 - p. Suppose 5*g = 4*g + 5. Suppose g*h + 1 + 14 = 0. Calculate c(h).
-9
Let i(t) be the first derivative of -t**4/4 + 5*t**3/3 + t**2/2 - 2*t - 24. Determine i(5).
3
Let b(a) be the first derivative of -a**4/2 - 2*a**3/3 + 3*a**2/2 + 3*a + 5. Let x(h) = -h**2 + 8*h - 9. Let r be x(7). Calculate b(r).
5
Suppose 4*w + 3*d = 9, 2*w = -3*w + d + 16. Let t(k) = w - 3*k**3 + k - 5 - 5*k**2 - 2*k + 2*k**3. What is t(-5)?
3
Let f(a) = -2*a**2 - 10*a + 3. Let p(l) = -2*l**2 - 9*l + 3. Let v(s) = -4*f(s) + 5*p(s). Give v(-4).
-9
Let g(z) = 2 - 4*z - z**2 + z**2 - 2*z**2 + 2*z. What is g(-2)?
-2
Suppose 0*i + 7*i = 63. Let v(c) = c**3 - 10*c**2 + 9*c - 8. Determine v(i).
-8
Let b(i) = i - 8. Let a(o) = 1. Let l(c) = -4*a(c) - b(c). Let h(k) = -k - 6. Let y be h(-7). Let v be 6 - (1 + y)/1. What is l(v)?
0
Let s(n) be the third derivative of n**6/120 + n**5/30 + n**4/8 + n**3/3 + 3*n**2. Calculate s(-2).
-4
Let k = 8 + -13. Let t = k + 3. Let b(f) be the third derivative of f**5/60 - f**4/12 - f**3/2 - f**2. Give b(t).
5
Let j(o) = 3*o - 4 - 8 + o**3 + 7 + 0*o**2 - 5*o**2. Calculate j(4).
-9
Let g(n) = n - 1. Let q(s) = 1. Let m = 13 - 12. Let h(w) = m*g(w) - 3*q(w). What is h(-3)?
-7
Let j(b) = -4*b. Let i be j(-1). Suppose 4*k = -3*l - 1, k + 20 = 5*k - i*l. Let r(s) = s**2 + 0*s**k - 2*s**2. Determine r(3).
-9
Let o(a) be the first derivative of a**4/4 - 4*a**3/3 - a**2 + 2*a + 4. Calculate o(3).
-13
Let m(d) = -d**3 + 3*d**2 - 3*d + 1. Let b(f) = f + 2. Let v be b(0). Suppose -3*j + 10 = v*j. Determine m(j).
-1
Let v(s) = -7*s**2 + s + 1. Let c(t) = t**2 - 7*t + 5. Let j be c(6). Calculate v(j).
-7
Let p be 0/((-1)/(2 + -3)). Let t(k) be the second derivative of -k + 1/20*k**5 + p + 1/6*k**3 - 1/12*k**4 + 3*k**2. Calculate t(0).
6
Let x(y) = 3*y + 6. Suppose 0*m - 4*m - 24 = 0. What is x(m)?
-12
Let x(f) be the second derivative of 1/6*f**3 + 3/2*f**2 + 0 - 2*f. Give x(-3).
0
Let v(c) = c**2 + 8*c - 4. Suppose 15*l + 16 = 13*l. Give v(l).
-4
Let l(k) be the second derivative of -k**5/20 - k**4/12 + k**3/6 + k**2 - 3*k. Let t be l(0). Let h(o) = -o - t*o**2 + o**2 + 1 - 5 + o**3. Give h(0).
-4
Suppose c - 3 = 0, -4*r = -0*r - c + 19. Let w(z) = -2*z**2 - 2 - 3*z + 9*z - 3. Let d(l) = -3*l**2 + 11*l - 10. Let j(b) = -3*d(b) + 5*w(b). Determine j(r).
1
Let o(g) = -g - 5. Let j(a) = -2*a - 5. Let v(w) = -2*j(w) + 3*o(w). Give v(0).
-5
Let f(g) = -16*g**2 - 1 + 32*g**2 - 10*g**2. Calculate f(-1).
5
Suppose 0 = -3*b + 4*b + 2*r - 7, -4*b + 3*r - 5 = 0. Let n(x) be the first derivative of 5/2*x**2 + 2*x + b. Give n(-2).
-8
Let o be 2/(-2) + 0 - 1. Let l be 54/(-24) - o/8. Let s(c) = 2*c**2 + 3*c. Let t be s(l). Let u(y) = -6*y + 1. Calculate u(t).
-11
Let b(l) = l**2 - 7. Let y be (3/(-6))/(8/80). What is b(y)?
18
Suppose -d - 25 = 4*h, -6*h + 2*h - 35 = 3*d. Let j(m) = -m + 2. Give j(d).
7
Let c(p) = 0*p**2 + 3 - 2*p - p**3 - 2 - p**2 - 2*p**2. Give c(-3).
7
Let f(l) = 4*l + 1. Let v(u) = u. Let a(p) = 2*f(p) - 7*v(p). Determine a(-7).
-5
Let r = 4 + -6. Let x(u) = 3*u**2 + u**2 - 3*u**2. Determine x(r).
4
Let c(b) = -b**2 + 3*b + 2. Suppose -34 = -5*t - 3*g, -2*g + 0 - 4 = 0. Let z be (6/t)/((-3)/(-12)). What is c(z)?
2
Suppose -7*g = -3*g + w - 4, 5*g - 30 = 5*w. Let k = 2 + g. Suppose 0 = -k*x - 4 - 0. Let y(p) = 5*p**2 - p - 1. Determine y(x).
5
Suppose -2*v + 11 = -3*v - 2*a, -3*a = v + 16. Let k(r) = 10*r**2 - r - 1. Calculate k(v).
10
Let b(c) be the first derivative of -c**2 - 3 + c - 1/2*c**4 - 4/3*c**3. Give b(-2).
5
Let t(m) = m**3 + m**2 - 3*m + 3. Let l = 26 - 21. Let u = l + -8. Give t(u).
-6
Let b be 14*1 - 1 - 0. Suppose 2*u + 2*m - 4 = 8, 3*u - 2*m - b = 0. Let l(h) = -h**3 + 5*h**2 + 5. Give l(u).
5
Let c(f) = 28 - f - 2*f - f - 22. Calculate c(6).
-18
Let p(t) = 2*t - 3. Let l(w) = -w + 2. Let b(y) = 5*l(y) + 4*p(y). Suppose -19*s + 17*s + 8 = 0. What is b(s)?
10
Let z be 2 - -2 - (-1 - -3). Let r(k) = k**3 - 3*k + 2. What is r(z)?
4
Let v(m) = -m**2 + 6*m. Let w(r) = -5*r**2 + 25*r. Let k(d) = 25*v(d) - 6*w(d). Give k(1).
5
Let u(a) be the first derivative of -2*a**3/3 + 2*a - 1. Suppose 3*j - 2 = 4*j. Calculate u(j).
-6
Suppose 4*o + 33 - 65 = 0. Let v(m) = m**3 - 8*m**2 + m - 9. What is v(o)?
-1
Let u(b) be the third derivative of 0 + b**2 - 1/24*b**4 + 0*b + 1/3*b**3. Determine u(0).
2
Let m(q) = q**2 - 2*q**2 - 18*q + 19*q + 2. Determine m(3).
-4
Let i(t) = -3*t**2 + t - 1. Let p be i(2). Let a(h) = -h**2 - 11*h. Determine a(p).
0
Suppose 3*d - 6 = 2*d. Let c(w) = 1. Let v(l) = 2*l + 5. Let q(m) = d*c(m) - v(m). Let i(y) = y - 1. Let p(r) = 3*i(r) + 2*q(r). Determine p(4).
-5
Let n(q) = 3*q**2 + 2*q + 1. Let g(d) = d**3 - 9*d**2 + 10*d - 7. Let i be g(8). Let j = i + -15. Let t = j - -4. Calculate n(t).
9
Suppose 4*s = -4*y - 8, 2 = -4*s + s - 2*y. Let z(x) = -1 - 2*x + 3*x - 2*x - s. What is z(-6)?
3
Let p be (12/(-18))/(3/(-27)). Let y(w) = w**3 - 7*w**2 + 6*w + 6. Give y(p).
6
Let a(q) = -q**3 - 9*q**2 + q + 5. Let k be a(-9). Let i(n) = -3*n - 2. What is i(k)?
10
Let f(y) = y**2 + 4*y - 7. Let o(a) be the first derivative of -a**4/4 + a**3 + 3*a**2/2 - 2*a + 4. Let h be o(4). Calculate f(h).
5
Suppose 2*m - 2*t = 2, 0 = t + 2*t. Let b(w) = 2*w + 5 + 5 - 3 - m. What is b(-6)?
-6
Let w(r) = 4 - 2*r**2 - r**3 - 3*r**3 + 5*r**3 + 0*r - 3*r. Let k be (6/8)/((-2)/(-8)). Let x be w(k). Let b(h) = -h**2 + 3*h + 4. Determine b(x).
0
Let m(j) be the third derivative of j**5/60 + j**4/12 + 3*j**2. Suppose 2*q = 2 + 2. Suppose 0*d + q*d = -4. Determine m(d).
0
Let o(t) be the third derivative of -t**6/120 - t**5/12 + t**4/3 + t**3 - t**2. Calculate o(-6).
-6
Let a(s) = -95*s - 88*s + 3 + 1 + 189*s. Give a(-5).
-26
Let y(c) = 3 - 5 + c - 2*c**2 + 1. Suppose 0 = 3*v - 4*v + 1. Give y(v).
-2
Let t(l) = -l**2 + 2*l - 2. Let p(b) = -4*b**2 + 7*b - 7. Let w(q) = 2*p(q) - 7*t(q). Calculate w(3).
-9
Let i(n) = n**2 + 5*n - 1. Let q be i(-6). Let c be (-4)/10 + 24/10. Let t(x) = -x**2 + x**3 - 7*x**2 + 5*x - 4 + c*x**2. Determine t(q).
-4
Let l(z) be the third derivative of z**4/12 - z**3/3 + 7*z**2. Calculate l(4).
6
Suppose 4*h = h - 6. Let i(n) = -6*n**3 + n**2 + 4*n + 6. Let q(b) = -3*b**3 + b**2 + 2*b + 3. Let a(x) = 3*i(x) - 5*q(x). Determine a(h).
15
Let t(u) = -3*u - 2*u + u - 2 - u**2. Suppose 0 = -4*k - 2*h - 9 + 83, -3*k = 3*h - 57. Suppose 14 + 0 = -2*q - 3*o, -o + k = -5*q. Calculate t(q).
-2
Let m(x) = 4*x + 